18?
18
Calculate the greatest common divisor of 30304 and 3712.
32
Calculate the greatest common factor of 35 and 511.
7
What is the highest common factor of 6405 and 630?
105
What is the highest common factor of 223746 and 1068?
534
Calculate the highest common factor of 236 and 126614.
118
What is the greatest common divisor of 7463001 and 273?
273
Calculate the highest common factor of 3699 and 137.
137
Calculate the greatest common factor of 19493 and 1737.
193
What is the highest common factor of 1890 and 5826870?
1890
What is the greatest common divisor of 1168020 and 3240?
1620
Calculate the greatest common divisor of 28453 and 42295.
769
Calculate the greatest common factor of 724328 and 1496.
88
Calculate the greatest common divisor of 27948 and 35292.
204
What is the greatest common factor of 12425 and 150?
25
Calculate the highest common divisor of 4044 and 66389.
337
What is the highest common factor of 3 and 68073?
3
What is the greatest common factor of 7857 and 45?
9
What is the highest common factor of 47073 and 39?
39
What is the highest common factor of 55503 and 35?
7
Calculate the highest common divisor of 6 and 378309.
3
What is the highest common factor of 688 and 39044?
172
Calculate the greatest common divisor of 46165 and 3045.
35
Calculate the highest common factor of 60 and 42115.
5
Calculate the greatest common factor of 868 and 232190.
434
What is the greatest common factor of 4598 and 2774?
38
What is the highest common divisor of 30320 and 21603?
379
Calculate the highest common divisor of 10 and 229640.
10
Calculate the greatest common divisor of 408757 and 302.
151
What is the greatest common factor of 265 and 99481?
53
What is the highest common factor of 60 and 939420?
60
Calculate the highest common divisor of 8677849 and 53.
53
What is the greatest common divisor of 338574 and 8103?
219
Calculate the greatest common factor of 39325 and 8775.
325
Calculate the highest common divisor of 816 and 183.
3
What is the highest common factor of 9432 and 36?
36
Calculate the highest common divisor of 5120 and 14720.
640
What is the highest common divisor of 120 and 13196?
4
Calculate the highest common factor of 54216 and 943760.
2008
Calculate the highest common divisor of 15 and 27831.
3
What is the greatest common divisor of 72962 and 7258?
382
Calculate the highest common divisor of 4111638 and 456.
114
Calculate the greatest common divisor of 132 and 387222.
66
What is the highest common divisor of 336260 and 20?
20
Calculate the highest common divisor of 2076 and 1524.
12
Calculate the greatest common divisor of 98 and 1260721.
49
What is the greatest common divisor of 101880 and 15480?
360
What is the highest common divisor of 53168 and 16?
16
What is the greatest common divisor of 2568 and 3331980?
1284
What is the highest common divisor of 696 and 136?
8
Calculate the greatest common factor of 208773 and 36.
9
Calculate the greatest common divisor of 47398 and 208.
26
What is the highest common factor of 23635 and 10595?
815
Calculate the highest common divisor of 275 and 8459.
11
Calculate the greatest common divisor of 118209 and 1092.
273
What is the highest common factor of 2382 and 30?
6
Calculate the highest common factor of 485 and 628657.
97
Calculate the highest common divisor of 1287 and 408771.
99
Calculate the greatest common divisor of 70069 and 779.
41
Calculate the highest common factor of 4381 and 14154.
337
Calculate the highest common factor of 30580 and 88.
44
What is the highest common divisor of 39115 and 5?
5
Calculate the greatest common divisor of 925886 and 13559.
1937
Calculate the highest common divisor of 127001 and 7.
7
What is the highest common divisor of 526575 and 24675?
525
What is the highest common divisor of 2640 and 58476?
132
Calculate the highest common factor of 135 and 26298.
27
Calculate the highest common divisor of 3300 and 324060.
660
Calculate the greatest common factor of 6 and 431424.
6
Calculate the highest common factor of 242202 and 37.
37
What is the greatest common factor of 17823 and 15041?
13
Calculate the greatest common divisor of 664998 and 822.
822
What is the greatest common divisor of 1498 and 728?
14
Calculate the highest common factor of 126 and 2394.
126
Calculate the greatest common divisor of 21627 and 324.
81
What is the greatest common factor of 259 and 3811?
37
What is the greatest common divisor of 6300 and 82740?
420
Calculate the highest common factor of 57475 and 341.
11
Calculate the greatest common factor of 1854 and 198.
18
Calculate the highest common divisor of 976 and 29768.
488
What is the highest common factor of 1001457 and 36?
9
What is the highest common factor of 235265 and 10?
5
What is the greatest common factor of 28240 and 179324?
1412
Calculate the highest common divisor of 4725 and 250.
25
What is the greatest common factor of 28726 and 212?
106
What is the highest common factor of 460 and 128110?
230
What is the highest common divisor of 15 and 163?
1
What is the greatest common divisor of 18 and 35334?
18
Calculate the greatest common divisor of 19803 and 43631.
161
Calculate the highest common factor of 872 and 10024.
8
Calculate the greatest common divisor of 312450 and 450.
150
What is the highest common factor of 392 and 1283114?
98
What is the highest common factor of 306012 and 2058?
42
What is the highest common divisor of 14 and 12439?
7
What is the highest common factor of 3398226 and 12?
6
Calculate the highest common factor of 25 and 29285.
5
Calculate the highest common divisor of 6 and 422754.
6
Calculate the highest common divisor of 1400 and 12800.
200
Calculate the highest common divisor of 1401378 and 47462.
2498
What is the highest common divisor of 4497339 and 33?
33
What is the greatest common divisor of 12032 and 5888?
256
Calculate the highest common factor of 1464 and 62708.
244
Calculate the highest common factor of 2616 and 6986464.
872
Calculate the highest common factor of 416 and 65.
13
Calculate the greatest common factor of 1976228 and 76.
76
Calculate the highest common divisor of 246 and 59778.
246
Calculate the greatest common factor of 2756692 and 412.
412
Calculate the highest common factor of 131 and 3808956.
131
Calculate the highest common factor of 13913410 and 10.
10
What is the highest common divisor of 2688 and 16296?
168
Calculate the highest common factor of 543 and 1400940.
543
What is the greatest common divisor of 3992 and 128?
8
What is the greatest common divisor of 22688 and 160?
32
What is the greatest common divisor of 7889 and 32568?
23
What is the highest common divisor of 1189 and 1968?
41
What is the greatest common divisor of 679644 and 651?
651
Calculate the highest common factor of 1446010 and 460.
230
Calculate the greatest common factor of 52 and 2055274.
26
What is the greatest common divisor of 1073871 and 4185?
837
Calculate the greatest common divisor of 36647 and 52.
13
What is the highest common factor of 8 and 16696?
8
What is the highest common factor of 469 and 1852751?
67
Calculate the highest common divisor of 427897 and 2694.
449
Calculate the greatest common factor of 135 and 485055.
135
What is the highest common divisor of 85 and 4684095?
85
Calculate the highest common divisor of 41520 and 90.
30
What is the highest common divisor of 1725 and 8395?
115
What is the highest common factor of 5560 and 90072?
1112
What is the highest common divisor of 75 and 127050?
75
What is the greatest common divisor of 232 and 40?
8
Calculate the greatest common divisor of 85599 and 12.
3
Calculate the highest common divisor of 974 and 127.
1
What is the highest common divisor of 405 and 14305?
5
Calculate the highest common factor of 7220576 and 7008.
2336
What is the greatest common divisor of 9912 and 1274?
14
What is the greatest common divisor of 300 and 38300?
100
Calculate the greatest common factor of 60 and 8356260.
60
Calculate the highest common factor of 388700 and 150.
50
Calculate the greatest common divisor of 3136 and 32046.
98
Calculate the greatest common divisor of 107 and 6649301.
107
Calculate the highest common divisor of 4710808 and 412.
412
What is the highest common divisor of 110 and 489030?
10
Calculate the highest common fac